{"id":11,"date":"2013-03-29T13:41:16","date_gmt":"2013-03-29T13:41:16","guid":{"rendered":"http:\/\/www.peterfratton.ch\/wordpresswordpress\/?page_id=11"},"modified":"2021-02-11T15:34:21","modified_gmt":"2021-02-11T14:34:21","slug":"projekte","status":"publish","type":"page","link":"https:\/\/www.peterfratton.ch\/?page_id=11","title":{"rendered":"Vortr\u00e4ge"},"content":{"rendered":"<p><a title=\"Portfolio\" href=\"http:\/\/www.peterfratton.ch\/?page_id=414\">&lt;\u00a0zur\u00fcck<\/a><\/p>\n<h4>&#8222;Selbstverst\u00e4ndlich ist nur das, wor\u00fcber ich noch nicht nachgedacht habe.&#8220; Nachfolgend finden Sie eine Auswahl meiner Vortragsthemen:<\/h4>\n<ul>\n<li>Lernen neu denken<\/li>\n<li>Vom Lehrer zum Lernbegleiter \u2013 eine Metamorphose<\/li>\n<li>Schule und Polis = Haus des Lernens<\/li>\n<li>Lebensprozesse gestalten<\/li>\n<li><a href=\"http:\/\/www.peterfratton.ch\/wordpresswp-content\/uploads\/2014\/12\/Vom-Schulhaus-zum-Haus-des-Lern1.pdf\" target=\"_blank\" rel=\"noopener\">Von der Schule zum Haus des Lernens<\/a><\/li>\n<li>Achtung Reformgefahr<\/li>\n<li>Haltung ist eine Frage der Umgebung<\/li>\n<li>Ein bildungspolitisches Schelmenst\u00fcck: Bodigungsversuche der Gemeinschaftsschulidee<\/li>\n<\/ul>\n<p>Beispiel:<\/p>\n<ul>\n<li><a href=\"http:\/\/www.tor-zur-welt.hamburg.de\/index.php\/article\/print\/2047\" target=\"_blank\" rel=\"noopener\">Peter Fratton: <\/a>Einf\u00fchrungsvortrag im Rahmen des Projektes Tor zur Welt in Hamburg<\/li>\n<\/ul>\n<p>&nbsp;<\/p>\n","protected":false},"excerpt":{"rendered":"<p>&lt;\u00a0zur\u00fcck &#8222;Selbstverst\u00e4ndlich ist nur das, wor\u00fcber ich noch nicht nachgedacht habe.&#8220; Nachfolgend finden Sie eine Auswahl meiner Vortragsthemen: Lernen neu denken Vom Lehrer zum Lernbegleiter \u2013 eine Metamorphose Schule und Polis = Haus des Lernens Lebensprozesse gestalten Von der Schule zum Haus des Lernens Achtung Reformgefahr Haltung ist eine Frage der Umgebung Ein bildungspolitisches Schelmenst\u00fcck: &hellip; <\/p>\n<p class=\"link-more\"><a href=\"https:\/\/www.peterfratton.ch\/?page_id=11\" class=\"more-link\"><span class=\"screen-reader-text\">\u201eVortr\u00e4ge\u201c<\/span> weiterlesen<\/a><\/p>\n","protected":false},"author":1,"featured_media":0,"parent":0,"menu_order":0,"comment_status":"closed","ping_status":"closed","template":"","meta":[],"_links":{"self":[{"href":"https:\/\/www.peterfratton.ch\/index.php?rest_route=\/wp\/v2\/pages\/11"}],"collection":[{"href":"https:\/\/www.peterfratton.ch\/index.php?rest_route=\/wp\/v2\/pages"}],"about":[{"href":"https:\/\/www.peterfratton.ch\/index.php?rest_route=\/wp\/v2\/types\/page"}],"author":[{"embeddable":true,"href":"https:\/\/www.peterfratton.ch\/index.php?rest_route=\/wp\/v2\/users\/1"}],"replies":[{"embeddable":true,"href":"https:\/\/www.peterfratton.ch\/index.php?rest_route=%2Fwp%2Fv2%2Fcomments&post=11"}],"version-history":[{"count":37,"href":"https:\/\/www.peterfratton.ch\/index.php?rest_route=\/wp\/v2\/pages\/11\/revisions"}],"predecessor-version":[{"id":833,"href":"https:\/\/www.peterfratton.ch\/index.php?rest_route=\/wp\/v2\/pages\/11\/revisions\/833"}],"wp:attachment":[{"href":"https:\/\/www.peterfratton.ch\/index.php?rest_route=%2Fwp%2Fv2%2Fmedia&parent=11"}],"curies":[{"name":"wp","href":"https:\/\/api.w.org\/{rel}","templated":true}]}}